{"id":6260,"date":"2024-03-04T11:33:59","date_gmt":"2024-03-04T10:33:59","guid":{"rendered":"https:\/\/editorialconcreta.org\/?page_id=6260"},"modified":"2024-06-05T13:22:09","modified_gmt":"2024-06-05T11:22:09","slug":"team","status":"publish","type":"page","link":"https:\/\/editorialconcreta.org\/en\/team\/","title":{"rendered":"Team"},"content":{"rendered":"\n<h1 class=\"wp-block-heading h1_section_sobre\">TEAM<\/h1>\n\n\n\n<div class=\"wp-block-columns is-layout-flex wp-container-core-columns-is-layout-9d6595d7 wp-block-columns-is-layout-flex\">\n<div class=\"wp-block-column is-layout-flow wp-block-column-is-layout-flow\" style=\"flex-basis:38%\">\n<p><strong>Artistic Director<\/strong><br>Laura Vall\u00e9s V\u00edlchez<br><a href=\"mailto:%E2%80%A8p.benlloch@editorialconcreta.org\">l.valles@editorialconcreta.org<\/a><\/p>\n\n\n\n<p><strong>Development manager<\/strong><br>Pep Benlloch<br><a href=\"mailto:%E2%80%A8p.benlloch@editorialconcreta.org\">p.benlloch@editorialconcreta.org<\/a><\/p>\n\n\n\n<p><strong>Advisory team<\/strong><br>Tania Adam<br>V\u00edctor del R\u00edo<br>Jos\u00e9 Diaz Cuy\u00e1s<br>Hasan G. L\u00f3pez<br>Pedro G. Romero<br>Pablo Lafuente<br>Enric Mira<br>Laurence Rassel<br>B\u00e1rbara Rodr\u00edguez Mu\u00f1oz<br>Alba Colomo<\/p>\n<\/div>\n\n\n\n<div class=\"wp-block-column is-layout-flow wp-block-column-is-layout-flow\">\n<p><strong>Associate Editor Concreta Textos Series<\/strong><br>Julia Castell\u00f3<\/p>\n\n\n\n<p><strong>Online Associate Editor<\/strong><br>Jorge Van den Eynde<\/p>\n\n\n\n<p><strong>English Proofreader<\/strong><br>Chantal Stehwien<\/p>\n\n\n\n<p><strong>Design and layout<\/strong><br>jaume marco \u2013 estudi<\/p>\n\n\n\n<p><strong>Web and online shop development<\/strong><br>Minimiz\u00e1n<\/p>\n\n\n\n<p><strong>Previous team members<\/strong><br>Nuria Enguita was co-founder and editor between 2012 and 2020. <br>Ester Pegueroles was responsible for distribution between 2012 and 2021.<br>Nicolas Malev\u00e9 was web developer between 2012 and 2024.<br>Mar\u00eda Sim\u00f3 was online shop developer between 2012 and 2024. <br>Rafael Barber was associate editor between 2012 and 2016. <br>Milene Trindade was co-founder and editor between 2012 and 2014. <\/p>\n<\/div>\n<\/div>\n\n\n\n<div style=\"height:100px\" aria-hidden=\"true\" class=\"wp-block-spacer esp_sobre\"><\/div>\n","protected":false},"excerpt":{"rendered":"TEAM Artistic DirectorLaura Vall\u00e9s V\u00edlchezl.valles@editorialconcreta.org Development managerPep Benllochp.benlloch@editorialconcreta.org Advisory teamTania AdamV\u00edctor del R\u00edoJos\u00e9 Diaz Cuy\u00e1sHasan G. L\u00f3pezPedro G.&hellip;\n","protected":false},"author":1,"featured_media":0,"parent":0,"menu_order":0,"comment_status":"closed","ping_status":"closed","template":"","meta":{"csco_singular_sidebar":"right","csco_page_header_type":"none","csco_custom_appearance":"","csco_disable_excerpt_posts_layout":false,"csco_page_load_nextpost":"","csco_post_video_location":[],"csco_post_video_location_hash":"","csco_post_video_url":"","csco_post_video_bg_start_time":0,"csco_post_video_bg_end_time":0,"footnotes":""},"ppma_author":[54],"class_list":{"0":"post-6260","1":"page","2":"type-page","3":"status-publish","5":"cs-entry","6":"cs-video-wrap"},"_links":{"self":[{"href":"https:\/\/editorialconcreta.org\/en\/wp-json\/wp\/v2\/pages\/6260","targetHints":{"allow":["GET"]}}],"collection":[{"href":"https:\/\/editorialconcreta.org\/en\/wp-json\/wp\/v2\/pages"}],"about":[{"href":"https:\/\/editorialconcreta.org\/en\/wp-json\/wp\/v2\/types\/page"}],"author":[{"embeddable":true,"href":"https:\/\/editorialconcreta.org\/en\/wp-json\/wp\/v2\/users\/1"}],"replies":[{"embeddable":true,"href":"https:\/\/editorialconcreta.org\/en\/wp-json\/wp\/v2\/comments?post=6260"}],"version-history":[{"count":0,"href":"https:\/\/editorialconcreta.org\/en\/wp-json\/wp\/v2\/pages\/6260\/revisions"}],"wp:attachment":[{"href":"https:\/\/editorialconcreta.org\/en\/wp-json\/wp\/v2\/media?parent=6260"}],"wp:term":[{"taxonomy":"author","embeddable":true,"href":"https:\/\/editorialconcreta.org\/en\/wp-json\/wp\/v2\/ppma_author?post=6260"}],"curies":[{"name":"wp","href":"https:\/\/api.w.org\/{rel}","templated":true}]}}

<h1 class="wp-block-heading h1_section_sobre">TEAM</h1>



<div class="wp-block-columns is-layout-flex wp-container-core-columns-is-layout-9d6595d7 wp-block-columns-is-layout-flex">
<div class="wp-block-column is-layout-flow wp-block-column-is-layout-flow" style="flex-basis:38%">
<p><strong>Artistic Director</strong><br>Laura Vallés Vílchez<br><a href="mailto:%E2%80%A8p.benlloch@editorialconcreta.org">l.valles@editorialconcreta.org</a></p>



<p><strong>Development manager</strong><br>Pep Benlloch<br><a href="mailto:%E2%80%A8p.benlloch@editorialconcreta.org">p.benlloch@editorialconcreta.org</a></p>



<p><strong>Advisory team</strong><br>Tania Adam<br>Víctor del Río<br>José Diaz Cuyás<br>Hasan G. López<br>Pedro G. Romero<br>Pablo Lafuente<br>Enric Mira<br>Laurence Rassel<br>Bárbara Rodríguez Muñoz<br>Alba Colomo</p>
</div>



<div class="wp-block-column is-layout-flow wp-block-column-is-layout-flow">
<p><strong>Associate Editor Concreta Textos Series</strong><br>Julia Castelló</p>



<p><strong>Online Associate Editor</strong><br>Jorge Van den Eynde</p>



<p><strong>English Proofreader</strong><br>Chantal Stehwien</p>



<p><strong>Design and layout</strong><br>jaume marco – estudi</p>



<p><strong>Web and online shop development</strong><br>Minimizán</p>



<p><strong>Previous team members</strong><br>Nuria Enguita was co-founder and editor between 2012 and 2020. <br>Ester Pegueroles was responsible for distribution between 2012 and 2021.<br>Nicolas Malevé was web developer between 2012 and 2024.<br>María Simó was online shop developer between 2012 and 2024. <br>Rafael Barber was associate editor between 2012 and 2016. <br>Milene Trindade was co-founder and editor between 2012 and 2014. </p>
</div>
</div>



<div style="height:100px" aria-hidden="true" class="wp-block-spacer esp_sobre"></div>

TEAM Artistic DirectorLaura Vallés Vílchezl.valles@editorialconcreta.org Development managerPep Benllochp.benlloch@editorialconcreta.org Advisory teamTania AdamVíctor del RíoJosé Diaz CuyásHasan G. LópezPedro G.&hellip;
